{"id":2229,"date":"2025-09-30T10:37:47","date_gmt":"2025-09-30T10:37:47","guid":{"rendered":"https:\/\/asbtir.fr\/?page_id=2229"},"modified":"2026-01-26T11:38:00","modified_gmt":"2026-01-26T11:38:00","slug":"inscription","status":"publish","type":"page","link":"https:\/\/asbtir.fr\/?page_id=2229","title":{"rendered":"Inscription"},"content":{"rendered":"Cr\u00e9er un compte Inscrivez-vous pour acc\u00e9der au contenu r\u00e9serv\u00e9 aux <a href=\"https:\/\/asbtir.fr\/?page_id=2229\" class=\"more-link\">(suite\u2026)<\/a>","protected":false},"excerpt":{"rendered":"<p>Cr\u00e9er un compte Inscrivez-vous pour acc\u00e9der au contenu r\u00e9serv\u00e9 aux (suite\u2026)<\/p>\n","protected":false},"author":1,"featured_media":0,"parent":0,"menu_order":0,"comment_status":"closed","ping_status":"closed","template":"","meta":{"footnotes":""},"class_list":["post-2229","page","type-page","status-publish","hentry"],"_links":{"self":[{"href":"https:\/\/asbtir.fr\/index.php?rest_route=\/wp\/v2\/pages\/2229","targetHints":{"allow":["GET"]}}],"collection":[{"href":"https:\/\/asbtir.fr\/index.php?rest_route=\/wp\/v2\/pages"}],"about":[{"href":"https:\/\/asbtir.fr\/index.php?rest_route=\/wp\/v2\/types\/page"}],"author":[{"embeddable":true,"href":"https:\/\/asbtir.fr\/index.php?rest_route=\/wp\/v2\/users\/1"}],"replies":[{"embeddable":true,"href":"https:\/\/asbtir.fr\/index.php?rest_route=%2Fwp%2Fv2%2Fcomments&post=2229"}],"version-history":[{"count":1,"href":"https:\/\/asbtir.fr\/index.php?rest_route=\/wp\/v2\/pages\/2229\/revisions"}],"predecessor-version":[{"id":4356,"href":"https:\/\/asbtir.fr\/index.php?rest_route=\/wp\/v2\/pages\/2229\/revisions\/4356"}],"wp:attachment":[{"href":"https:\/\/asbtir.fr\/index.php?rest_route=%2Fwp%2Fv2%2Fmedia&parent=2229"}],"curies":[{"name":"wp","href":"https:\/\/api.w.org\/{rel}","templated":true}]}}